e -23 + (71 - (41 - -25)) + 1 + -51.
-68
Calculate (3 + -2 + -1 - -17) + 85879 + -85880.
16
Evaluate 3956 + -3928 - (17 + 1).
10
Evaluate 112 + -71 + (10 - -13).
64
Calculate 32 + -137 + 25 + 0 + -1.
-81
(20 - 8) + -17 - (-1 - (-9 - 0))
-13
19 - (106 + -99 + 27)
-15
What is 324 + -318 + (-18 - 2) + 19?
5
What is the value of 6 + 30 + (-9 - (5 - (-16 + 26)))?
32
Evaluate (-67 - (192 - 153)) + 98.
-8
What is the value of -9 + 12 - 69 - (-1 + 0 + -61 + 56)?
-60
Evaluate 32 - (-19 + (-27 - -33) + -34).
79
What is the value of 5 - 13 - -2 - (-40 + 27 + -21)?
28
Evaluate 14 - (0 - -12 - (-430 + 432)).
4
Calculate (-11 - -23) + (-24 + 1 - (253 + -262)).
-2
(-23 - 0) + (-7 - (14 - 13) - -21)
-10
What is the value of -98 - -100 - (-8 + 2 + 3 + 34 + -77)?
48
-8 - -17 - 25 - (3 - -34 - (8 + 1))
-44
What is the value of -2 + 41 + 8 + -4 + (20 - 1)?
62
Calculate 17 + -36 + 23 + (3 + -2 - -2).
7
-15 - (42 + -27 + (-11 - -2) + -12 + 1)
-10
What is the value of (-1 - 28) + 361 + -260 + -41?
31
Calculate (10 - (-5 + -2 + 24 + -7)) + (98 - 110).
-12
-57 - (-24 + (8 - -6) + 24)
-71
Calculate (-33 - (-126 + 51)) + 19.
61
What is the value of -34 + 11 + (4 + -3 - (6 - -6))?
-34
-55 + -10 + -45 + 60
-50
What is the value of (-69 - -90) + (0 - -8 - -21) + -18?
32
Calculate -66 + 32 + -24 + 19.
-39
Evaluate -44 + -2 + (306 - 274).
-14
Calculate -42 + ((176 - 92) + -81 - (-6 - (-1 - -2))).
-32
Evaluate 0 + 1 + 11 - (57 - (23 - 27)).
-49
-83 + (-55 - (-69 + 9))
-78
What is -3 + -1 - (1 - (32 + (8 - 14))) - -7?
28
Calculate 2 + (1 - 2) - (-19 - (-33 + 11)) - -18.
16
Calculate (-17 - 26) + (-36 + 13 + 6 - -8).
-52
40 + -50 + 41 - 30
1
Evaluate -7 + (5 + -21 - (-94 + -1 + 37)).
35
Calculate 0 + (-3 - -27 - 41).
-17
What is the value of -10 - (87 - -26) - -7 - 6?
-122
Calculate (17 - 27 - -21) + (14 - 9 - (-1 + -5)).
22
Calculate (83 - (53 - 22)) + -30.
22
Evaluate -204 + 200 - (20 + -5 + 3 + -3).
-19
Calculate 15 + -28 + 17 + 21 + 12.
37
What is -29 - 3 - (1 - -28 - 72)?
11
4 + 0 - (-2 - -94 - (34 + -24))
-78
Calculate -103 + (139 - 17) + 48.
67
Evaluate -38 + (-42 - -25 - -16).
-39
Calculate 7 + -25 + -9 + 20 + -6.
-13
Calculate 21 + 1 - (-27 - (-19 + (0 - -3))).
33
-57 - (98 - 37) - -5
-113
What is the value of -2 - -41 - (-595 + 653)?
-19
Calculate 17 - (18 + -46 + 52).
-7
Calculate (-1 - (13 + -2)) + (-245 + 508 - 237).
14
Calculate -1 - 2 - (-14 - 0 - -1 - (-1063 + 1022)).
-31
(92 + -41 - 99) + -5 + 48
-5
Calculate -74 - (-15 + (17 - 36)).
-40
Calculate 257 + -163 + (4 - 15 - 16).
67
1 + 49 + (-38 - -31) + 16 + -35
24
-137 + 162 - (-3 - -1) - 13 - (134 + 0)
-120
What is -54 - (-122 + -29 - -29)?
68
(-162 - (-97 - 55)) + 2 + 115
107
(60 - 108) + (50 - -21)
23
What is 0 - 12 - ((26 - -31) + -55) - (1 - 1)?
-14
1 - (4 - (-1 - 3 - 40))
-47
What is the value of -16 + 13 + 12 + (0 - (-8 + 1)) + 36?
52
What is (-17 - (-33 + 15)) + (8 - 2)?
7
Calculate -31 + ((-8 - -2) + -22 - -20).
-39
Calculate -7 + (-82 - -142) + 70.
123
What is (-15 - (1 - 2)) + 40 + -31 + -19?
-24
7 + (-3 - (-8 + 6)) - (7 + 58 + 4)
-63
Calculate 1 - 11 - (26 + 81 + (23 - 15) + -6).
-119
What is (-12 + -1 + -1 - (191 - 227)) + 15?
37
Calculate 25 + (-74 - (3 + -7)).
-45
Evaluate 38 - (-3 - -29 - (-43 + 56)).
25
What is the value of -125 + 4 - (-3 + -201)?
83
(-17 - -36) + -12 - (8 + 5)
-6
Calculate -211 - -161 - (7 + -25).
-32
Calculate -2 - -7 - (16 + 10 + -29).
8
What is the value of 9 - (10 + 16) - (-19 + -24)?
26
Calculate 1255 + -1353 - (5 + -4 - -8).
-107
What is the value of -88 + -2 - (2273 - 2370)?
7
-8 - (-4 + -19 - (-21 + 4 - 20))
-22
Calculate 846 + -791 - (-5 + (-1 - 0)).
61
What is -2391 - -2275 - (-160 - -2)?
42
Calculate (-292 + 24 - -100) + 81.
-87
56 + (-3 - 6) + -9 - (-15 - -1)
52
What is the value of -25 - (-1 + (61 - 34))?
-51
Calculate 20 + (27 - (75 + -4)).
-24
What is 79 - (-1 + 2 + 4) - (47 - 19 - 26)?
72
7 - 62 - (6 - 2) - (-32 - -33)
-60
Evaluate (0 - 0) + 7 + 2 + (1045 - 1027).
27
What is (187 - (105 - 7)) + (-1 - (4 + 4))?
80
Calculate (-9 - -4) + -3 - (9 - 13 - (7 - 11)).
-8
Evaluate -6 + 2 + -115 + -34 + 99 + 11 + 0.
-43
What is (3697 - 3693) + (-9 - 1) + 0 + 54?
48
Evaluate 400 - 409 - (21 + -2 + 5 + -1).
-32
Calculate (-677 + 667 - (-2 - 57)) + 21.
70
What is the value of (4 - 2) + 8 + (-125 - (-47 - 13))?
-55
73 + (-4 + -9 - -28) + -4 + 1
85
Evaluate 42 - 67 - -21 - 23.
-27
What is the value of -9 - (-50 - (21 - 83))?
-21
8 + -10 + -7 + (9 - 20) + (5 - -21)
6
Calculate 49 - (10 + (-18 - -39)).
18
Evaluate (20 - 40 - -9 - (2 + 2)) + -29.
-44
Calculate -445 + 412 - (2 - 19).
-16
-129 - -158 - (5 + 11)
13
What is the value of 2 - 36 - -18 - -27 - 85?
-74
What is the value of (13 - (0 + (-15 - -20))) + (91 - -3)?
102
Evaluate -217 - -157 - (-28 + (-10 - -8)).
-30
Calculate (5 - -27) + (-40 - -14) + 11.
17
Calculate (30 - ((-15 - -23) + 7)) + 77 - 1 - -1.
92
Calculate 19 + -9 + -10 + -3 + 25 - 91.
-69
Calculate 15 - (-40 + 1 - (-904 - -909)).
59
Calculate -266 + 275 + -9 + 26.
26
-90 - (39 + -15 - (-28 + 61))
-81
What is -116 + 126 + -40 + 18?
-12
Evaluate 10 + -1 + 0 - (-23 - (-1 + 90 - 18)).
103
What is (12 - 16 - -11 - 21) + -22?
-36
Calculate -43 - (-8 + (31 + -5 - 31)).
-30
Evaluate 101 + (-38 - 68) + (0 + 0 - -4).
-1
Evaluate -99 - ((3 - 20) + -20 + 17 + 18).
-97
Evaluate -17 + -214 + 110 - -113.
-8
70 - (-61 + 61 - (6 + 5 + -11 + 1))
71
What is the value of 4 + 2 + 2 + (19 - 14) + -56?
-43
What is (-323 - -345) + (0 - 18 - (0 + -2))?
6
Evaluate (-4 - (12 - ((-4 - -11) + 6))) + -2.
-5
Evaluate 6 - 81 - -47 - (65 + 0).
-93
Calculate 29 + (17 - (-2 + 11 + 12)).
25
(0 - -82 - (10 - 6)) + (-33 - -52)
97
Evaluate -125 - (65 + -64 - 46).
-80
Evaluate -8 - (-3 - ((-6 - (5 + -16)) + 3)).
3
What is the value of -41 + 3 + -6 + 35 + -60?
-69
76 + -102 + (-25 - (-3 - 0))
-48
What is (11 - -3) + 1 + 4 + (-6 - 0) - -4?
17
Calculate (0 - (19 + -5)) + 386 + -246 - (1 - -1).
124
Calculate (-153 + 71 - -109) + 23.
50
What is the value of 55 + -68 - (38 + (-2 - (1 - (-6 - -2))))?
-44
Evaluate -2 - (14 - -37 - 35 - (6 + 1)) - 4.
-15
Evaluate 7 + (-23 - ((14 - 12) + -15)).
-3
0 + 5 - ((2 - 0 - 27) + 80)
-50
What is (2644 - 2622) + -1 + -16?
5
What is the value of (-12 + 2 - -1) + (-233 + 449 - 119)?
88
Evaluate 5 + -1 + (-13 + 12 - (-4 - 40)).
47
20 - (12 - 11) - (4 + -37 + 85)
-33
Calculate 11 - (18 + -7 + 0 + -87 + -14).
101
What is the value of (12 - 10) + -68 + 2 + -3 + 0?
-67
18 + -7 + -22 + (13 - -7)
9
Evaluate 1341 + -1311 - (-1 + -9).
40
Calculate 12 - 2 - ((6 - -22) + (132 - 145)).
-5
Evaluate -24 + (202 - (53 - -58)).
67
Calculate -107 - -40 - (-15 + 4) - (14 + 4).
-74
What is -6 + 118 + -3 - (15 - (33 + -7)) - -11?
131
What is the value of (-79 - (-60 - 109)) + -7?
83
Evaluate 22 + 1 + (-677 - -627).
-27
What is (91 - (72 - -3)) + -3 + 3?
16
Evaluate (5 - (60 + -61 - (2 - 1))) + (7 - -11).
25
111 + 45 + -22 - (28 + (9 - 18))
115
What is -12 + (-4 - -2 - (18 - 33)) - -49?
50
Evaluate (0 - -4) + (27 + -20 - -18) + -56.
-27
23 + -14 + (-6 - -10 - -6)
19
Evaluate (0 - 5) + -250 + 435 + -249.
-69
Calculate -21 + (40 - -10 - 14 - 17) + -10.
-12
Calculate 14 + (23 - (-5 - -140)) + -1 + -8.
-107
What is -64 + (69 - -79) - 111?
-27
What is -259 + 210 - (-2 + 5) - (-15 + 2)?
-39
Evaluate 23 + (-4 - -2) - (48 + 312 - 307).
-32
Evaluate -59 + 79 + 1 + -21 + -22.
-22
Calculate -1 + 44 + (2399 - 2450).
-8
Evaluate (-12 - -6) + -6 + 6 + 4 + (0 - -58).
56
What is 8450 + -8420 + -1 + -38?
-9
What is (-32 - -49) + -66 - -104?
55
What is (3 - (-2 + -7) - -9) + -10 + -46?
-35
Evaluate 18 + -16 + 7 + -19 + 74.
64
What is -330 - -447 - (-9 + (-4 - -15) - (2 + 4))?
121
Calculate (-26 + 12 - 3) + (3 - -18) - (-32 + 1).
35
(5 - 0) + 1069 + -1064 + (-40 - -1)
-29
Calculate -24 + (-65 - (-14 - 99)).
24
What is 78 + -70 + -19 - (0 + -12)?
1
-3 - ((-5 - (-7 - -3)) + 88 + -82) - 52
-60
Calculate 8 - (-2 + 2) - (71 - (5 + -8)).
-66
Calculate 30 + 76 - (111 - -38).
-43
What is the value of (-409 - (-140 - 285)) + (-2 + 17 - -1)?
32
What is the value of 30 - (-52 + 73 + -9)?
18
What is -140 - 9 - (-5 + -3 + 10 - 27)?
-124
-1 + (47 - 42 - 47)
-43
What is 82 - (2 + (-13 + 21 - -12))?
60
-61 + ((-18 - -39) + -38 - -23)
-55
Calculate -18 + (-107 - -28) + 58.
-39
What is the value of 88 - ((16 - 2) + (428 - 407)